 What is the highest common divisor of y and m?
5
Let a be 140/((-34720)/186) + 7/(-8)*-194. Let t = -36 - -88. What is the greatest common divisor of a and t?
13
Let m = -2130 + 2695. Calculate the greatest common factor of 904 and m.
113
Suppose 2 - 14 = -4*s. Suppose -s*m + 2310 = 12*m. What is the highest common divisor of m and 14?
14
Let s = -3611 - -4160. Calculate the greatest common divisor of s and 488.
61
Suppose 0 = -2*z - 3*z + 105. Suppose 5316 = 17*a - 5*a. Let d = a + -429. Calculate the highest common factor of z and d.
7
Suppose 246*c - 167280 = -410*c. Calculate the highest common divisor of 1515 and c.
15
Let h be (-39)/(-5) + (-140)/50 + 3. Suppose -h = -4*q - 2*w, 0 = -5*w - 8 - 2. What is the greatest common divisor of q and 321?
3
Suppose 0 = 3*l + 4*i - 106, 167 = -6*l + 11*l - 3*i. Suppose -58 + l = -3*w. What is the greatest common divisor of w and 196?
4
Let r = -16204 - -16280. Calculate the greatest common divisor of 1881 and r.
19
Let x = 153644 - 153600. Let m be -6 + (0 - -2 - 0). Let s = m + 48. What is the greatest common factor of s and x?
44
Suppose 0 = 2*w - 0 - 10, -9 = -b - 2*w. Let d be (-1*5 + b)/(69/46). Let x be (-166)/d - (-48)/(-32). What is the highest common divisor of 16 and x?
8
Suppose -9*l = -329 + 59. What is the greatest common factor of l and 7785?
15
Let a = -5 + 217. Suppose 178 = 5*g - g - 5*s, -5*g + a = -s. What is the greatest common divisor of 56 and g?
14
Suppose 0 = -2*s + 5*f + 5458, 141*s = 135*s + 2*f + 16270. Calculate the highest common divisor of 817 and s.
43
Let a = -59 + 87. Suppose -83*r - 84*r + 166*r = -182. What is the highest common divisor of a and r?
14
Suppose 77 + 28 = 7*g. Suppose 8*u = -199 + g. Let f = u - -39. Calculate the highest common divisor of f and 8.
8
Suppose -19*w + 11*w = -256. Suppose -2*x - 3*t + 25 = 0, -4*t + w = 4*x - 24. Calculate the greatest common factor of x and 1.
1
Suppose 5*l = 14*l - 2547. Suppose 10*x - 117 = l. Calculate the greatest common factor of 280 and x.
40
Suppose -3*i + 5*o + 81 = 2*o, -6 = 2*o. Suppose 18*k = 20*k + i. Let a be (6/(-12))/(1/k). Calculate the highest common divisor of a and 66.
6
Suppose -28*z + 10993 = -431. What is the greatest common divisor of 4 and z?
4
Let h be (-2 - -2979) + (-114 - -104). What is the highest common divisor of 516 and h?
129
Suppose -5*r = -2*k - 6, -2*r + 6*k = k + 6. Suppose 2*j - 40 = -r*x, -3*j = -3 - 6. Suppose x*i - 242 = 6*i. Calculate the greatest common factor of i and 2.
2
Let h(u) = 9*u**2 + 113*u - 12. Let l be h(-15). Calculate the highest common divisor of l and 3339.
159
Suppose -27*u - 82 = 215. Let t(b) = 29*b + 323. Let h be t(u). What is the greatest common divisor of h and 52?
4
Let n(b) = -53*b + 471. Let x be n(9). Let r be -1 + x/(-4) - (-1104)/32. Calculate the greatest common factor of r and 21.
7
Let g(k) = k**3 - 18*k**2 + 4*k + 1. Let m be g(16). Let t = -255 - m. Calculate the greatest common factor of t and 24.
24
Suppose -4*u + 11*u = 105. Suppose 10*l + u = 55. Suppose 5*n - 21 = -3*r + 34, l*n = r - 41. What is the highest common factor of 5 and r?
5
Let h = 7761 - 4863. What is the highest common divisor of h and 46?
46
Let m be (2 + -28)/(-2) + (-25)/(-12 - -37). Calculate the greatest common factor of 1458 and m.
6
Let t = -107 + 695. Suppose -24*j = -10*j - t. What is the highest common factor of j and 546?
42
Let j = -1136 + 1989. Let y = j - 613. Calculate the highest common divisor of 210 and y.
30
Suppose -2*w - 5 = 3*w. Let s be w*1 + (-34)/(-11 - -9). Let z be (24/10)/((-6)/(-40)). What is the highest common divisor of z and s?
16
Suppose -21 - 21 = -2*z. Let p(f) = 6*f + 95. Let j be p(-15). Suppose -2*x + 9 = 3*c - 10, c - 67 = -j*x. What is the greatest common divisor of x and z?
7
Suppose -61*p + 1105 = -48*p. Suppose 0 = 33*o - 38*o + p. Let x(k) = -85*k**3 - k**2 - k. Let j be x(-1). What is the greatest common factor of j and o?
17
Let f(v) = -v**3 - 136*v**2 - 127*v + 1301. Let a be f(-135). What is the greatest common factor of a and 468?
13
Let i = -5 - -12. Let x(w) = -6*w**2 + 36*w - 2. Let o be x(6). Let a be (-108)/o - ((1 - 3) + 7). What is the greatest common divisor of i and a?
7
Let w(l) = l**2 - 7*l + 20. Let g be w(15). Suppose 0 = 2*y + 2*b - 5*b - 61, 4*b = -5*y + 95. Suppose y = p + 3. What is the highest common factor of g and p?
20
Suppose 2*y - 20 - 24 = -2*y. Calculate the highest common factor of y and 4631.
11
Let k = 14295 - 12687. What is the greatest common factor of k and 40?
8
Let p be (-14)/70*10 - (3 - (1598 + 3)). Calculate the greatest common divisor of p and 1176.
84
Suppose -182 + 140 = -5*b - c, -b + 5*c - 2 = 0. Let u be ((-16)/(-6))/(1/51). Calculate the greatest common divisor of u and b.
8
Let w = 176 - 170. Let p(l) = -3*l - 39. Let m(y) = -2*y**2 - 2*y + 7. Let v be m(-4). Let o be p(v). What is the highest common factor of w and o?
6
Suppose m + w = 6 + 13, 4*m = 3*w + 69. Suppose -396 = -3*h - 4*f - 192, 3*f - 45 = 0. Calculate the greatest common factor of h and m.
6
Let m(o) = 22*o + 351. Suppose 5*w - 4*z + 68 = -3*z, 3*z + 6 = 0. Let t be m(w). What is the highest common divisor of t and 817?
43
Let j = 258 + 308. Let q = -511 + j. Let t be (-97)/(-3) + (-2)/(-3). What is the highest common divisor of t and q?
11
Let m be (18/7)/(38/665). What is the highest common divisor of m and 1980?
45
Suppose r - 4*a = 396, 5*r - 1980 = 12*a - 17*a. What is the highest common factor of 324 and r?
36
Let p = -152 - -304. Let g be (-8)/18 - ((-2)/6 - 40053/351). Calculate the highest common divisor of p and g.
38
Suppose 72*m - 77*m + 1190 = 0. Suppose 0 = -l + 5*j + 14, -2*j + 38 = 3*l + 13. Suppose c - 5 = l. What is the greatest common divisor of c and m?
14
Suppose 0 = 6*j - 2*j - 128. Let q(z) = -z**3 + 33*z**2 - 23*z - 56. Let y be q(j). What is the highest common factor of y and 87?
29
Suppose 4*a - 7 = -r - 0*a, -3*r + 2*a = -35. Let s = -10 + r. Let f be s + 3 - (-3 + -19). Calculate the highest common divisor of f and 13.
13
Let r = 1955 + -1953. What is the greatest common factor of r and 81?
1
Let k be (-1080)/(-30) - (19 + 4). Let b be (-1)/4 - 426/(-8). Suppose -4*v + 51 + b = 0. Calculate the highest common factor of k and v.
13
Suppose 4*a + 52108 = 4*o, 1 = 2*a + 9. Calculate the highest common divisor of 18 and o.
9
Let k(f) = 5*f**2 + 5*f + 3. Let j(m) = -9*m - 42. Let h be j(-5). Let o be k(h). What is the highest common divisor of 7 and o?
7
Let x be ((-252)/(-30))/((1/(-150))/(-1)). Suppose 2*i - x = -3*i. Calculate the greatest common factor of i and 28.
28
Let i be (-11)/(-44) - 86/(-8). Let a(t) = -t**3 + 6*t**2 + 11*t - 12. Let l be a(7). Let w = l - i. Calculate the greatest common factor of w and 40.
5
Suppose -31*y + 243*y - 1939371 = 45*y. Calculate the greatest common divisor of 441 and y.
147
Let j be (-291)/(-3) + (-88)/88. Calculate the greatest common divisor of j and 432.
48
Let j be (54/9 - 17)/(3/(-1 - 257)). What is the greatest common divisor of j and 430?
86
Suppose -55*s + 7*s - 2314 + 6670 = 84*s. Suppose 2*h = 2*v + 3*v + 166, 358 = 4*h + 3*v. Calculate the highest common factor of s and h.
11
Suppose -5*i + 27 = -4*x, x + 21 = 5*i - x. Suppose -20 = 4*h, -6*d + i*d - 3*h = -444. Suppose -v + 10*v = d. What is the greatest common factor of 153 and v?
17
Suppose 4*p = 2*p + 130. Let i = -57 + p. What is the greatest common divisor of i and 22?
2
Suppose 5*z + 124*o = 119*o + 510, 2*z = -3*o + 204. Calculate the highest common factor of z and 6375.
51
Let s be (-19 + 1)/(4/(-10) + 176/540). What is the highest common factor of 12 and s?
3
Let w(t) = t**2 - 7*t - 4. Let b be w(9). Let k = 177 + -170. What is the highest common factor of b and k?
7
Suppose 51 = 3*a - 54. Let v be 57 - 7/(a/10). What is the greatest common divisor of v and 20?
5
Let y be -2 + 4 + -1 - (15 + -21). Suppose -y*a + 6*a = -29. Suppose 5*b - f + 5*f - 35 = 0, -4*f + a = 3*b. What is the highest common divisor of b and 39?
3
Suppose 3*s - k - 309 = 0, 2*s = 5*k + 70 + 110. Calculate the greatest common divisor of 120 and s.
15
Let q = 10 - 8. Suppose 4*f - 8 = 0, c - f - 42 = -c. Calculate the greatest common divisor of q and c.
2
Let g be (-908)/(-7) - (-90)/(-126). What is the hig